{"id":1237,"date":"2024-03-01T13:35:45","date_gmt":"2024-03-01T13:35:45","guid":{"rendered":"https:\/\/ascnet.ie\/blitt\/?page_id=1237"},"modified":"2024-06-19T13:03:03","modified_gmt":"2024-06-19T13:03:03","slug":"3-teaching-the-concept-of-blended-learning-slovenian","status":"publish","type":"page","link":"https:\/\/ascnet.ie\/blitt\/home-slovenian\/1-empowering-trainers-for-blended-learning-education\/3-teaching-the-concept-of-blended-learning-slovenian\/","title":{"rendered":"3. Teaching the Concept of Blended Learning (Slovenian)"},"content":{"rendered":"\t\t<div data-elementor-type=\"wp-page\" data-elementor-id=\"1237\" class=\"elementor elementor-1237\">\n\t\t\t\t\t\t<section class=\"elementor-section elementor-top-section elementor-element elementor-element-d8e5de9 elementor-section-boxed elementor-section-height-default elementor-section-height-default\" data-id=\"d8e5de9\" data-element_type=\"section\">\n\t\t\t\t\t\t<div class=\"elementor-container elementor-column-gap-default\">\n\t\t\t\t\t<div class=\"elementor-column elementor-col-100 elementor-top-column elementor-element elementor-element-1bda5855\" data-id=\"1bda5855\" data-element_type=\"column\">\n\t\t\t<div class=\"elementor-widget-wrap elementor-element-populated\">\n\t\t\t\t\t\t<div class=\"elementor-element elementor-element-7c9ed71f elementor-widget elementor-widget-spacer\" data-id=\"7c9ed71f\" data-element_type=\"widget\" data-widget_type=\"spacer.default\">\n\t\t\t\t<div class=\"elementor-widget-container\">\n\t\t\t\t\t\t\t<div class=\"elementor-spacer\">\n\t\t\t<div class=\"elementor-spacer-inner\"><\/div>\n\t\t<\/div>\n\t\t\t\t\t\t<\/div>\n\t\t\t\t<\/div>\n\t\t\t\t<div class=\"elementor-element elementor-element-3a7bef8e elementor-widget elementor-widget-heading\" data-id=\"3a7bef8e\" data-element_type=\"widget\" data-widget_type=\"heading.default\">\n\t\t\t\t<div class=\"elementor-widget-container\">\n\t\t\t\t\t<h2 class=\"elementor-heading-title elementor-size-default\"><span class=\"ez-toc-section\" id=\"Poucevanje_koncepta_kombiniranega_ucenja\"><\/span>Pou\u010devanje koncepta kombiniranega u\u010denja <span class=\"ez-toc-section-end\"><\/span><\/h2>\t\t\t\t<\/div>\n\t\t\t\t<\/div>\n\t\t\t\t\t<\/div>\n\t\t<\/div>\n\t\t\t\t\t<\/div>\n\t\t<\/section>\n\t\t\t\t<section class=\"elementor-section elementor-top-section elementor-element elementor-element-25bd8326 elementor-section-boxed elementor-section-height-default elementor-section-height-default\" data-id=\"25bd8326\" data-element_type=\"section\">\n\t\t\t\t\t\t<div class=\"elementor-container elementor-column-gap-default\">\n\t\t\t\t\t<div class=\"elementor-column elementor-col-100 elementor-top-column elementor-element elementor-element-6d0e31d9\" data-id=\"6d0e31d9\" data-element_type=\"column\">\n\t\t\t<div class=\"elementor-widget-wrap elementor-element-populated\">\n\t\t\t\t\t\t<div class=\"elementor-element elementor-element-dd90124 elementor-widget elementor-widget-image\" data-id=\"dd90124\" data-element_type=\"widget\" data-widget_type=\"image.default\">\n\t\t\t\t<div class=\"elementor-widget-container\">\n\t\t\t\t\t\t\t\t\t\t\t\t\t\t\t<img fetchpriority=\"high\" decoding=\"async\" width=\"300\" height=\"227\" src=\"https:\/\/ascnet.ie\/blitt\/wp-content\/uploads\/2023\/12\/undraw_Web_search_re_efla-300x227.png\" class=\"attachment-medium size-medium wp-image-494\" alt=\"\" srcset=\"https:\/\/ascnet.ie\/blitt\/wp-content\/uploads\/2023\/12\/undraw_Web_search_re_efla-300x227.png 300w, https:\/\/ascnet.ie\/blitt\/wp-content\/uploads\/2023\/12\/undraw_Web_search_re_efla-768x581.png 768w, https:\/\/ascnet.ie\/blitt\/wp-content\/uploads\/2023\/12\/undraw_Web_search_re_efla.png 950w\" sizes=\"(max-width: 300px) 100vw, 300px\" \/>\t\t\t\t\t\t\t\t\t\t\t\t\t\t\t<\/div>\n\t\t\t\t<\/div>\n\t\t\t\t<section class=\"elementor-section elementor-inner-section elementor-element elementor-element-b3d4f82 elementor-section-boxed elementor-section-height-default elementor-section-height-default\" data-id=\"b3d4f82\" data-element_type=\"section\">\n\t\t\t\t\t\t<div class=\"elementor-container elementor-column-gap-default\">\n\t\t\t\t\t<div class=\"elementor-column elementor-col-100 elementor-inner-column elementor-element elementor-element-246a3472\" data-id=\"246a3472\" data-element_type=\"column\">\n\t\t\t<div class=\"elementor-widget-wrap elementor-element-populated\">\n\t\t\t\t\t\t<div class=\"elementor-element elementor-element-270064af elementor-widget__width-initial elementor-widget elementor-widget-text-editor\" data-id=\"270064af\" data-element_type=\"widget\" data-widget_type=\"text-editor.default\">\n\t\t\t\t<div class=\"elementor-widget-container\">\n\t\t\t\t\t\t\t\t\t<p><span style=\"font-weight: 400;\">Cilj tega modula je usposobiti predavatelje\u00a0 za u\u010dinkovito in kakovostno posredovanje na\u010del ter prednosti kombiniranega u\u010denja drugim u\u010diteljem.\u00a0<\/span><\/p><p><span style=\"font-weight: 400;\">Ob koncu tega modula boste usposobljeni za spodbujanje razumevanja in navdu\u0161enja nad koncepti kombiniranega u\u010denja pri svojih poslu\u0161alcih.<\/span><\/p><p><br style=\"font-weight: 400;\" \/><br \/><\/p>\t\t\t\t\t\t\t\t<\/div>\n\t\t\t\t<\/div>\n\t\t\t\t<div class=\"elementor-element elementor-element-74c5778 elementor-widget-divider--view-line elementor-widget elementor-widget-divider\" data-id=\"74c5778\" data-element_type=\"widget\" data-widget_type=\"divider.default\">\n\t\t\t\t<div class=\"elementor-widget-container\">\n\t\t\t\t\t\t\t<div class=\"elementor-divider\">\n\t\t\t<span class=\"elementor-divider-separator\">\n\t\t\t\t\t\t<\/span>\n\t\t<\/div>\n\t\t\t\t\t\t<\/div>\n\t\t\t\t<\/div>\n\t\t\t\t<div class=\"elementor-element elementor-element-84e43f5 elementor-widget elementor-widget-heading\" data-id=\"84e43f5\" data-element_type=\"widget\" data-widget_type=\"heading.default\">\n\t\t\t\t<div class=\"elementor-widget-container\">\n\t\t\t\t\t<h3 class=\"elementor-heading-title elementor-size-default\"><span class=\"ez-toc-section\" id=\"Opredelitev_kombiniranega_ucenja_Razkritje_osnovnih_pojmov\"><\/span>Opredelitev kombiniranega u\u010denja: Razkritje osnovnih pojmov\n<span class=\"ez-toc-section-end\"><\/span><\/h3>\t\t\t\t<\/div>\n\t\t\t\t<\/div>\n\t\t\t\t<div class=\"elementor-element elementor-element-f6dd11b elementor-widget elementor-widget-text-editor\" data-id=\"f6dd11b\" data-element_type=\"widget\" data-widget_type=\"text-editor.default\">\n\t\t\t\t<div class=\"elementor-widget-container\">\n\t\t\t\t\t\t\t\t\t<p><span style=\"font-weight: 400;\">Najprej pojasnite koncept kombiniranega u\u010denja in njegova temeljna na\u010dela. Predavatelje vklju\u010dite v razpravo o nemotenem vklju\u010devanju spletnih in osebnih elementov ter tako spodbudite okolje, ki izbolj\u0161uje splo\u0161no izobra\u017eevalno izku\u0161njo. Primeri uspe\u0161nega izvajanja kombiniranega u\u010denja iz resni\u010dnega sveta slu\u017eijo kot navdih, saj zagotavljajo oprijemljive primere teorije v praksi.<\/span><\/p><p><br style=\"font-weight: 400;\" \/><br \/><\/p>\t\t\t\t\t\t\t\t<\/div>\n\t\t\t\t<\/div>\n\t\t\t\t<div class=\"elementor-element elementor-element-4b7f122a elementor-position-left elementor-view-default elementor-mobile-position-top elementor-widget elementor-widget-icon-box\" data-id=\"4b7f122a\" data-element_type=\"widget\" data-widget_type=\"icon-box.default\">\n\t\t\t\t<div class=\"elementor-widget-container\">\n\t\t\t\t\t\t\t<div class=\"elementor-icon-box-wrapper\">\n\n\t\t\t\t\t\t<div class=\"elementor-icon-box-icon\">\n\t\t\t\t<a href=\"https:\/\/docs.google.com\/presentation\/d\/1vZfGMPqLbBw6qcVTuUUnMkodIQg7QqCI\/edit?usp=sharing&#038;ouid=113898785899379007364&#038;rtpof=true&#038;sd=true\" target=\"_blank\" class=\"elementor-icon\" tabindex=\"-1\" aria-label=\"Uvod v kombinirano u\u010denje\">\n\t\t\t\t<i aria-hidden=\"true\" class=\"fas fa-download\"><\/i>\t\t\t\t<\/a>\n\t\t\t<\/div>\n\t\t\t\n\t\t\t\t\t\t<div class=\"elementor-icon-box-content\">\n\n\t\t\t\t\t\t\t\t\t<h4 class=\"elementor-icon-box-title\">\n\t\t\t\t\t\t<a href=\"https:\/\/docs.google.com\/presentation\/d\/1vZfGMPqLbBw6qcVTuUUnMkodIQg7QqCI\/edit?usp=sharing&#038;ouid=113898785899379007364&#038;rtpof=true&#038;sd=true\" target=\"_blank\" >\n\t\t\t\t\t\t\tUvod v kombinirano u\u010denje\t\t\t\t\t\t<\/a>\n\t\t\t\t\t<\/h4>\n\t\t\t\t\n\t\t\t\t\t\t\t\t\t<p class=\"elementor-icon-box-description\">\n\t\t\t\t\t\tS tem sklopom diapozitivov boste dobili dostop do gradiva, ki opredeljuje koncept kombiniranega u\u010denja in pojasnjuje enega od njegovih okvirov. \u010ce ste metodo kombiniranega u\u010denja \u0161ele za\u010deli raziskovati, ga lahko uporabite za njeno bolj\u0161e razumevanje in raz\u0161iritev svojih mo\u017enosti kot u\u010ditelja.\t\t\t\t\t<\/p>\n\t\t\t\t\n\t\t\t<\/div>\n\t\t\t\n\t\t<\/div>\n\t\t\t\t\t\t<\/div>\n\t\t\t\t<\/div>\n\t\t\t\t<div class=\"elementor-element elementor-element-25dc235 elementor-widget elementor-widget-spacer\" data-id=\"25dc235\" data-element_type=\"widget\" data-widget_type=\"spacer.default\">\n\t\t\t\t<div class=\"elementor-widget-container\">\n\t\t\t\t\t\t\t<div class=\"elementor-spacer\">\n\t\t\t<div class=\"elementor-spacer-inner\"><\/div>\n\t\t<\/div>\n\t\t\t\t\t\t<\/div>\n\t\t\t\t<\/div>\n\t\t\t\t<div class=\"elementor-element elementor-element-3354e66 elementor-widget-divider--view-line elementor-widget elementor-widget-divider\" data-id=\"3354e66\" data-element_type=\"widget\" data-widget_type=\"divider.default\">\n\t\t\t\t<div class=\"elementor-widget-container\">\n\t\t\t\t\t\t\t<div class=\"elementor-divider\">\n\t\t\t<span class=\"elementor-divider-separator\">\n\t\t\t\t\t\t<\/span>\n\t\t<\/div>\n\t\t\t\t\t\t<\/div>\n\t\t\t\t<\/div>\n\t\t\t\t<div class=\"elementor-element elementor-element-1e8822a elementor-widget elementor-widget-heading\" data-id=\"1e8822a\" data-element_type=\"widget\" data-widget_type=\"heading.default\">\n\t\t\t\t<div class=\"elementor-widget-container\">\n\t\t\t\t\t<h3 class=\"elementor-heading-title elementor-size-default\"><span class=\"ez-toc-section\" id=\"Delovni_zvezek_za_kakovostno_kombinirano_ucenje\"><\/span>Delovni zvezek za kakovostno kombinirano u\u010denje\n<span class=\"ez-toc-section-end\"><\/span><\/h3>\t\t\t\t<\/div>\n\t\t\t\t<\/div>\n\t\t\t\t\t<\/div>\n\t\t<\/div>\n\t\t\t\t\t<\/div>\n\t\t<\/section>\n\t\t\t\t<div class=\"elementor-element elementor-element-f063db1 elementor-widget elementor-widget-text-editor\" data-id=\"f063db1\" data-element_type=\"widget\" data-widget_type=\"text-editor.default\">\n\t\t\t\t<div class=\"elementor-widget-container\">\n\t\t\t\t\t\t\t\t\t<p><span style=\"font-weight: 400;\">Ta delovni zvezek so razvili na\u0161i partnerji, da bi ljudem pomagali za\u010deti uporabljati kombinirano u\u010denje v okviru pou\u010devanja, pri \u010demer so se osredoto\u010dili zlasti na izobra\u017eevanje odraslih.<\/span><\/p><p><span style=\"font-weight: 400;\">V nadaljevanju si lahko ogledate Uvod v delovni zvezek &#8211; kjer najdete vodnik po poglavjih, ki vam bo dal jasnej\u0161o predstavo o glavnih temah obravnavanih v knjigi &#8211; in PDF razli\u010dico delovnega zvezka Kvalitetno kombinirano u\u010denje (Quality Blended Learning).<\/span><\/p><p><br style=\"font-weight: 400;\" \/><br \/><\/p>\t\t\t\t\t\t\t\t<\/div>\n\t\t\t\t<\/div>\n\t\t\t\t\t<\/div>\n\t\t<\/div>\n\t\t\t\t\t<\/div>\n\t\t<\/section>\n\t\t\t\t<section class=\"elementor-section elementor-top-section elementor-element elementor-element-26c32dcf elementor-section-boxed elementor-section-height-default elementor-section-height-default\" data-id=\"26c32dcf\" data-element_type=\"section\">\n\t\t\t\t\t\t<div class=\"elementor-container elementor-column-gap-default\">\n\t\t\t\t\t<div class=\"elementor-column elementor-col-100 elementor-top-column elementor-element elementor-element-307079ec\" data-id=\"307079ec\" data-element_type=\"column\">\n\t\t\t<div class=\"elementor-widget-wrap elementor-element-populated\">\n\t\t\t\t\t\t<div class=\"elementor-element elementor-element-1aaf227 elementor-position-left elementor-view-default elementor-mobile-position-top elementor-widget elementor-widget-icon-box\" data-id=\"1aaf227\" data-element_type=\"widget\" data-widget_type=\"icon-box.default\">\n\t\t\t\t<div class=\"elementor-widget-container\">\n\t\t\t\t\t\t\t<div class=\"elementor-icon-box-wrapper\">\n\n\t\t\t\t\t\t<div class=\"elementor-icon-box-icon\">\n\t\t\t\t<a href=\"https:\/\/drive.google.com\/file\/d\/1csiwtAVg8W5K8jGzsjTtFHbyv0aSiFzk\/view?usp=sharing\" target=\"_blank\" class=\"elementor-icon\" tabindex=\"-1\" aria-label=\"Prenesi knjigo\">\n\t\t\t\t<i aria-hidden=\"true\" class=\"fas fa-download\"><\/i>\t\t\t\t<\/a>\n\t\t\t<\/div>\n\t\t\t\n\t\t\t\t\t\t<div class=\"elementor-icon-box-content\">\n\n\t\t\t\t\t\t\t\t\t<h4 class=\"elementor-icon-box-title\">\n\t\t\t\t\t\t<a href=\"https:\/\/drive.google.com\/file\/d\/1csiwtAVg8W5K8jGzsjTtFHbyv0aSiFzk\/view?usp=sharing\" target=\"_blank\" >\n\t\t\t\t\t\t\tPrenesi knjigo\t\t\t\t\t\t<\/a>\n\t\t\t\t\t<\/h4>\n\t\t\t\t\n\t\t\t\t\n\t\t\t<\/div>\n\t\t\t\n\t\t<\/div>\n\t\t\t\t\t\t<\/div>\n\t\t\t\t<\/div>\n\t\t\t\t<div class=\"elementor-element elementor-element-59d85c9 elementor-widget elementor-widget-spacer\" data-id=\"59d85c9\" data-element_type=\"widget\" data-widget_type=\"spacer.default\">\n\t\t\t\t<div class=\"elementor-widget-container\">\n\t\t\t\t\t\t\t<div class=\"elementor-spacer\">\n\t\t\t<div class=\"elementor-spacer-inner\"><\/div>\n\t\t<\/div>\n\t\t\t\t\t\t<\/div>\n\t\t\t\t<\/div>\n\t\t\t\t<div class=\"elementor-element elementor-element-5eaf627a elementor-widget-divider--view-line elementor-widget elementor-widget-divider\" data-id=\"5eaf627a\" data-element_type=\"widget\" data-widget_type=\"divider.default\">\n\t\t\t\t<div class=\"elementor-widget-container\">\n\t\t\t\t\t\t\t<div class=\"elementor-divider\">\n\t\t\t<span class=\"elementor-divider-separator\">\n\t\t\t\t\t\t<\/span>\n\t\t<\/div>\n\t\t\t\t\t\t<\/div>\n\t\t\t\t<\/div>\n\t\t\t\t<div class=\"elementor-element elementor-element-577fedc elementor-widget elementor-widget-heading\" data-id=\"577fedc\" data-element_type=\"widget\" data-widget_type=\"heading.default\">\n\t\t\t\t<div class=\"elementor-widget-container\">\n\t\t\t\t\t<h3 class=\"elementor-heading-title elementor-size-default\"><span class=\"ez-toc-section\" id=\"Umetnost_poucevanja\"><\/span>Umetnost pou\u010devanja\n<span class=\"ez-toc-section-end\"><\/span><\/h3>\t\t\t\t<\/div>\n\t\t\t\t<\/div>\n\t\t\t\t<div class=\"elementor-element elementor-element-8c15206 elementor-widget elementor-widget-text-editor\" data-id=\"8c15206\" data-element_type=\"widget\" data-widget_type=\"text-editor.default\">\n\t\t\t\t<div class=\"elementor-widget-container\">\n\t\t\t\t\t\t\t\t\t<p><span style=\"font-weight: 400;\">Pou\u010devanje je veliko ve\u010d kot le posredovanje informacij drugim.\u00a0 Spoznajte preobrazbeni potencial kombiniranega u\u010denja pri omogo\u010danju prilagojenih izobra\u017eevalnih izku\u0161enj. Poglobite se v razprave o prilagodljivih tehnologijah in strategijah diferenciranega pou\u010devanja, ki izvajalcem usposabljanja omogo\u010dajo, da zadovoljijo razli\u010dne potrebe svojih udele\u017eencev izobra\u017eevanja.<\/span><\/p><p><br style=\"font-weight: 400;\" \/><br \/><\/p>\t\t\t\t\t\t\t\t<\/div>\n\t\t\t\t<\/div>\n\t\t\t\t<div class=\"elementor-element elementor-element-0f19dbb elementor-position-left elementor-view-default elementor-mobile-position-top elementor-widget elementor-widget-icon-box\" data-id=\"0f19dbb\" data-element_type=\"widget\" data-widget_type=\"icon-box.default\">\n\t\t\t\t<div class=\"elementor-widget-container\">\n\t\t\t\t\t\t\t<div class=\"elementor-icon-box-wrapper\">\n\n\t\t\t\t\t\t<div class=\"elementor-icon-box-icon\">\n\t\t\t\t<a href=\"https:\/\/docs.google.com\/presentation\/d\/1cUuakxhNkJdJa852h0fycXRS3FsgQH3a\/edit?usp=sharing&#038;ouid=113898785899379007364&#038;rtpof=true&#038;sd=true\" target=\"_blank\" class=\"elementor-icon\" tabindex=\"-1\" aria-label=\"&quot;Zakaj u\u010dimo?&quot; \">\n\t\t\t\t<i aria-hidden=\"true\" class=\"fas fa-download\"><\/i>\t\t\t\t<\/a>\n\t\t\t<\/div>\n\t\t\t\n\t\t\t\t\t\t<div class=\"elementor-icon-box-content\">\n\n\t\t\t\t\t\t\t\t\t<h4 class=\"elementor-icon-box-title\">\n\t\t\t\t\t\t<a href=\"https:\/\/docs.google.com\/presentation\/d\/1cUuakxhNkJdJa852h0fycXRS3FsgQH3a\/edit?usp=sharing&#038;ouid=113898785899379007364&#038;rtpof=true&#038;sd=true\" target=\"_blank\" >\n\t\t\t\t\t\t\t\"Zakaj u\u010dimo?\" \t\t\t\t\t\t<\/a>\n\t\t\t\t\t<\/h4>\n\t\t\t\t\n\t\t\t\t\t\t\t\t\t<p class=\"elementor-icon-box-description\">\n\t\t\t\t\t\tS tem sklopom diapozitivov boste dobili dostop do gradiva, ki opredeljuje koncept kombiniranega u\u010denja in pojasnjuje enega od njegovih okvirov. \u010ce ste metodo kombiniranega u\u010denja \u0161ele za\u010deli raziskovati, ga lahko uporabite za njeno bolj\u0161e razumevanje in raz\u0161iritev svojih mo\u017enosti kot u\u010ditelja.\n\n\t\t\t\t\t<\/p>\n\t\t\t\t\n\t\t\t<\/div>\n\t\t\t\n\t\t<\/div>\n\t\t\t\t\t\t<\/div>\n\t\t\t\t<\/div>\n\t\t\t\t<div class=\"elementor-element elementor-element-2eada74 elementor-widget elementor-widget-spacer\" data-id=\"2eada74\" data-element_type=\"widget\" data-widget_type=\"spacer.default\">\n\t\t\t\t<div class=\"elementor-widget-container\">\n\t\t\t\t\t\t\t<div class=\"elementor-spacer\">\n\t\t\t<div class=\"elementor-spacer-inner\"><\/div>\n\t\t<\/div>\n\t\t\t\t\t\t<\/div>\n\t\t\t\t<\/div>\n\t\t\t\t<div class=\"elementor-element elementor-element-33475b7 elementor-widget-divider--view-line elementor-widget elementor-widget-divider\" data-id=\"33475b7\" data-element_type=\"widget\" data-widget_type=\"divider.default\">\n\t\t\t\t<div class=\"elementor-widget-container\">\n\t\t\t\t\t\t\t<div class=\"elementor-divider\">\n\t\t\t<span class=\"elementor-divider-separator\">\n\t\t\t\t\t\t<\/span>\n\t\t<\/div>\n\t\t\t\t\t\t<\/div>\n\t\t\t\t<\/div>\n\t\t\t\t<div class=\"elementor-element elementor-element-7e33b62 elementor-widget elementor-widget-heading\" data-id=\"7e33b62\" data-element_type=\"widget\" data-widget_type=\"heading.default\">\n\t\t\t\t<div class=\"elementor-widget-container\">\n\t\t\t\t\t<h3 class=\"elementor-heading-title elementor-size-default\"><span class=\"ez-toc-section\" id=\"Interaktivne_delavnice_Uporaba_znanja_pri_usposabljanju\"><\/span>Interaktivne delavnice: Uporaba znanja pri usposabljanju\n<span class=\"ez-toc-section-end\"><\/span><\/h3>\t\t\t\t<\/div>\n\t\t\t\t<\/div>\n\t\t\t\t<div class=\"elementor-element elementor-element-9ade648 elementor-widget elementor-widget-text-editor\" data-id=\"9ade648\" data-element_type=\"widget\" data-widget_type=\"text-editor.default\">\n\t\t\t\t<div class=\"elementor-widget-container\">\n\t\t\t\t\t\t\t\t\t<p><span style=\"font-weight: 400;\">V tem poglavju se teorija pretvori v prakso, saj se izvajalcem usposabljanja ponudijo prakti\u010dne izku\u0161nje za uporabo in izpopolnjevanje njihovega znanja.<\/span><\/p><p><br style=\"font-weight: 400;\" \/><br \/><\/p>\t\t\t\t\t\t\t\t<\/div>\n\t\t\t\t<\/div>\n\t\t\t\t<div class=\"elementor-element elementor-element-5be61bb elementor-position-left elementor-view-default elementor-mobile-position-top elementor-widget elementor-widget-icon-box\" data-id=\"5be61bb\" data-element_type=\"widget\" data-widget_type=\"icon-box.default\">\n\t\t\t\t<div class=\"elementor-widget-container\">\n\t\t\t\t\t\t\t<div class=\"elementor-icon-box-wrapper\">\n\n\t\t\t\t\t\t<div class=\"elementor-icon-box-icon\">\n\t\t\t\t<a href=\"https:\/\/docs.google.com\/presentation\/d\/1mKCB2oINY4Z6ZLCCI5hp_U4CzpZruo5U\/edit?usp=sharing&#038;ouid=113898785899379007364&#038;rtpof=true&#038;sd=true\" target=\"_blank\" class=\"elementor-icon\" tabindex=\"-1\" aria-label=\"Kombinirano u\u010denje v praksi\">\n\t\t\t\t<i aria-hidden=\"true\" class=\"fas fa-download\"><\/i>\t\t\t\t<\/a>\n\t\t\t<\/div>\n\t\t\t\n\t\t\t\t\t\t<div class=\"elementor-icon-box-content\">\n\n\t\t\t\t\t\t\t\t\t<h4 class=\"elementor-icon-box-title\">\n\t\t\t\t\t\t<a href=\"https:\/\/docs.google.com\/presentation\/d\/1mKCB2oINY4Z6ZLCCI5hp_U4CzpZruo5U\/edit?usp=sharing&#038;ouid=113898785899379007364&#038;rtpof=true&#038;sd=true\" target=\"_blank\" >\n\t\t\t\t\t\t\tKombinirano u\u010denje v praksi\t\t\t\t\t\t<\/a>\n\t\t\t\t\t<\/h4>\n\t\t\t\t\n\t\t\t\t\t\t\t\t\t<p class=\"elementor-icon-box-description\">\n\t\t\t\t\t\tNaslednja aktivnost udele\u017eencem omogo\u010da hiter in dinami\u010den preizkus uspe\u0161nosti pou\u010devanja s kombiniranim u\u010denjem. Najbolje je, \u010de se ta dejavnost izvaja v skupini. Strokovni nasvet: Izvedite scenarije z igranjem vlog, v katerih se udele\u017eenci izobra\u017eevanja urijo v u\u010dinkovitem posredovanju na\u010del in prednosti kombiniranega u\u010denja. Spodbujajte medsebojne povratne informacije in razmislek za nenehne izbolj\u0161ave ter tako ustvarite okolje, v katerem lahko udele\u017eenci izobra\u017eevanja izpopolnjujejo svoje spretnosti s prakti\u010dno uporabo.\t\t\t\t\t<\/p>\n\t\t\t\t\n\t\t\t<\/div>\n\t\t\t\n\t\t<\/div>\n\t\t\t\t\t\t<\/div>\n\t\t\t\t<\/div>\n\t\t\t\t<div class=\"elementor-element elementor-element-f791b67 elementor-widget elementor-widget-spacer\" data-id=\"f791b67\" data-element_type=\"widget\" data-widget_type=\"spacer.default\">\n\t\t\t\t<div class=\"elementor-widget-container\">\n\t\t\t\t\t\t\t<div class=\"elementor-spacer\">\n\t\t\t<div class=\"elementor-spacer-inner\"><\/div>\n\t\t<\/div>\n\t\t\t\t\t\t<\/div>\n\t\t\t\t<\/div>\n\t\t\t\t<div class=\"elementor-element elementor-element-6ea3405 elementor-widget-divider--view-line elementor-widget elementor-widget-divider\" data-id=\"6ea3405\" data-element_type=\"widget\" data-widget_type=\"divider.default\">\n\t\t\t\t<div class=\"elementor-widget-container\">\n\t\t\t\t\t\t\t<div class=\"elementor-divider\">\n\t\t\t<span class=\"elementor-divider-separator\">\n\t\t\t\t\t\t<\/span>\n\t\t<\/div>\n\t\t\t\t\t\t<\/div>\n\t\t\t\t<\/div>\n\t\t\t\t<div class=\"elementor-element elementor-element-36f98079 elementor-widget elementor-widget-heading\" data-id=\"36f98079\" data-element_type=\"widget\" data-widget_type=\"heading.default\">\n\t\t\t\t<div class=\"elementor-widget-container\">\n\t\t\t\t\t<h3 class=\"elementor-heading-title elementor-size-default\"><span class=\"ez-toc-section\" id=\"Dejavnost\"><\/span>Dejavnost\n<span class=\"ez-toc-section-end\"><\/span><\/h3>\t\t\t\t<\/div>\n\t\t\t\t<\/div>\n\t\t\t\t\t<\/div>\n\t\t<\/div>\n\t\t\t\t\t<\/div>\n\t\t<\/section>\n\t\t\t\t<section class=\"elementor-section elementor-top-section elementor-element elementor-element-9d19733 elementor-section-boxed elementor-section-height-default elementor-section-height-default\" data-id=\"9d19733\" data-element_type=\"section\">\n\t\t\t\t\t\t<div class=\"elementor-container elementor-column-gap-default\">\n\t\t\t\t\t<div class=\"elementor-column elementor-col-100 elementor-top-column elementor-element elementor-element-62122db8\" data-id=\"62122db8\" data-element_type=\"column\">\n\t\t\t<div class=\"elementor-widget-wrap elementor-element-populated\">\n\t\t\t\t\t\t<div class=\"elementor-element elementor-element-78923e3 elementor-widget elementor-widget-text-editor\" data-id=\"78923e3\" data-element_type=\"widget\" data-widget_type=\"text-editor.default\">\n\t\t\t\t<div class=\"elementor-widget-container\">\n\t\t\t\t\t\t\t\t\t<p><span style=\"font-weight: 400;\">Oblikujte kratko predstavitev ali videoposnetek, v katerem predstavite na\u010dela in prednosti kombiniranega u\u010denja. Uporabite komunikacijske strategije, obravnavane v tem modulu.<\/span><\/p><p><br style=\"font-weight: 400;\" \/><br \/><\/p>\t\t\t\t\t\t\t\t<\/div>\n\t\t\t\t<\/div>\n\t\t\t\t\t<\/div>\n\t\t<\/div>\n\t\t\t\t\t<\/div>\n\t\t<\/section>\n\t\t\t\t<section class=\"elementor-section elementor-top-section elementor-element elementor-element-30d0a1f elementor-section-boxed elementor-section-height-default elementor-section-height-default\" data-id=\"30d0a1f\" data-element_type=\"section\">\n\t\t\t\t\t\t<div class=\"elementor-container elementor-column-gap-default\">\n\t\t\t\t\t<div class=\"elementor-column elementor-col-100 elementor-top-column elementor-element elementor-element-031523a\" data-id=\"031523a\" data-element_type=\"column\">\n\t\t\t<div class=\"elementor-widget-wrap\">\n\t\t\t\t\t\t\t<\/div>\n\t\t<\/div>\n\t\t\t\t\t<\/div>\n\t\t<\/section>\n\t\t\t\t<\/div>\n\t\t","protected":false},"excerpt":{"rendered":"<p>Pou\u010devanje koncepta kombiniranega u\u010denja Cilj tega modula je usposobiti predavatelje\u00a0 za u\u010dinkovito in kakovostno posredovanje na\u010del ter prednosti kombiniranega u\u010denja drugim u\u010diteljem.\u00a0 Ob koncu tega modula boste usposobljeni za spodbujanje razumevanja in navdu\u0161enja nad koncepti kombiniranega u\u010denja pri svojih poslu\u0161alcih. Opredelitev kombiniranega u\u010denja: Razkritje osnovnih pojmov Najprej pojasnite koncept kombiniranega u\u010denja in njegova temeljna na\u010dela. [&hellip;]<\/p>\n","protected":false},"author":1,"featured_media":0,"parent":1223,"menu_order":0,"comment_status":"closed","ping_status":"closed","template":"","meta":{"zakra_page_container_layout":"customizer","zakra_page_sidebar_layout":"customizer","zakra_remove_content_margin":false,"zakra_sidebar":"customizer","zakra_transparent_header":"customizer","zakra_logo":0,"zakra_main_header_style":"default","zakra_menu_item_color":"","zakra_menu_item_hover_color":"","zakra_menu_item_active_color":"","zakra_menu_active_style":"","zakra_page_header":false,"footnotes":""},"class_list":["post-1237","page","type-page","status-publish","hentry"],"_links":{"self":[{"href":"https:\/\/ascnet.ie\/blitt\/wp-json\/wp\/v2\/pages\/1237","targetHints":{"allow":["GET"]}}],"collection":[{"href":"https:\/\/ascnet.ie\/blitt\/wp-json\/wp\/v2\/pages"}],"about":[{"href":"https:\/\/ascnet.ie\/blitt\/wp-json\/wp\/v2\/types\/page"}],"author":[{"embeddable":true,"href":"https:\/\/ascnet.ie\/blitt\/wp-json\/wp\/v2\/users\/1"}],"replies":[{"embeddable":true,"href":"https:\/\/ascnet.ie\/blitt\/wp-json\/wp\/v2\/comments?post=1237"}],"version-history":[{"count":25,"href":"https:\/\/ascnet.ie\/blitt\/wp-json\/wp\/v2\/pages\/1237\/revisions"}],"predecessor-version":[{"id":2694,"href":"https:\/\/ascnet.ie\/blitt\/wp-json\/wp\/v2\/pages\/1237\/revisions\/2694"}],"up":[{"embeddable":true,"href":"https:\/\/ascnet.ie\/blitt\/wp-json\/wp\/v2\/pages\/1223"}],"wp:attachment":[{"href":"https:\/\/ascnet.ie\/blitt\/wp-json\/wp\/v2\/media?parent=1237"}],"curies":[{"name":"wp","href":"https:\/\/api.w.org\/{rel}","templated":true}]}}